inder when 34 is divided by j(-2)?
7
What is the remainder when (-328)/(-4) + (0 - 3) is divided by 41?
38
Let n = -116 - -211. What is the remainder when n is divided by 14?
11
Suppose -4*m - 8 = 0, 21 = 5*q - 2*m - 58. What is the remainder when 59 is divided by q?
14
Calculate the remainder when 52 is divided by (-22)/(15/(-10) - 3/6).
8
Suppose -5*h + 3*y = -129, -2*y + 60 = 3*h + 2*y. Suppose g + 56 = 3*g. Let z = -15 + g. Calculate the remainder when h is divided by z.
11
Let o(d) = -d**2 - 8*d + 12. Calculate the remainder when 14 is divided by o(-9).
2
Let n(x) = 20*x + 1. Let w be n(1). Let l = w + -9. What is the remainder when l is divided by 5?
2
Suppose 3*n = -117 + 27. What is the remainder when 84 is divided by (-20)/n - 98/(-6)?
16
Let b(d) = -d**2 - 3*d - 3. Let x be b(4). Let z = x - -57. What is the remainder when z is divided by 7?
5
Let n = -279 + 170. Let l = n + 158. What is the remainder when l is divided by (-242)/(-14) + (-2)/7?
15
Let n(b) = -b**3 - 4*b**2 - 3*b. Let f be n(-3). Let o = 197 + -125. Suppose -4*a = -f*a - o. Calculate the remainder when a is divided by 10.
8
Let m(a) = -2*a**2 - 14*a - 6. Calculate the remainder when m(-6) is divided by 2.
0
Let x(d) be the first derivative of -12*d**2 + 2*d + 2. Let q be x(2). Let n = -30 - q. What is the remainder when 47 is divided by n?
15
Suppose 24 = 2*p + 2*v, 3*v + 0*v - 46 = -4*p. Let o = 5 - 2. Calculate the remainder when p is divided by o.
1
Suppose 5*m = -4*y - 92, 2*m + 2*m - 2*y = -58. Let l be ((-4)/8)/(2/m). Suppose -l*g + 2*g = -12. Calculate the remainder when 21 is divided by g.
3
Let w be (-3 - 0)/(6/(-164)). Suppose -5*x + w = -238. Calculate the remainder when x is divided by 13.
12
Let p be ((-1)/(-1))/(3/105). Let h(d) = -d - 1. Calculate the remainder when (-52)/(-14) + 10/p is divided by h(-4).
1
Let z(w) = -3*w. Calculate the remainder when 88 is divided by z(-6).
16
Let k = 17 + 56. Calculate the remainder when k is divided by 19.
16
Let c be (-2 - -3)*(-1 - 2). What is the remainder when (-27)/((-3)/c - 2) is divided by 10?
7
Let w be (-4)/26 + 6/39. Let z = w + 54. What is the remainder when z is divided by 14?
12
Let y(h) = -h + 6. Suppose 15 = -2*i + 7*i. Let w be y(i). Suppose -w*n + 61 = -8. What is the remainder when 45 is divided by n?
22
Let m(c) = 18*c**3 + 3*c**2 - 5*c + 6. Calculate the remainder when m(2) is divided by 11.
9
Suppose -5*u = 5*g - 25, 7*g - 27 = 2*g - 3*u. What is the remainder when 10 is divided by g?
4
Let x = -12 + 19. What is the remainder when x is divided by 4?
3
Suppose -5*x + 19 = -46. Calculate the remainder when 45 is divided by x.
6
Suppose -7 - 93 = -5*s. Suppose -5*z = -4*r + s, 2*r + 5*z - 50 = -r. Calculate the remainder when 39 is divided by r.
9
Suppose -6 = 3*v - 30. What is the remainder when 15 is divided by v?
7
Let r = 151 + -145. What is the remainder when r is divided by 2?
0
Let k = 325 - 232. What is the remainder when k is divided by 24?
21
Let b = -71 + 100. What is the remainder when 57 is divided by b?
28
Let p = -7 - -4. Let d(x) = -9*x + 1. What is the remainder when d(p) is divided by 10?
8
Calculate the remainder when 20 is divided by 63/5 + 18/(-30).
8
Let u be (-4)/(12/9) + -1. Let n = u - -12. What is the remainder when n is divided by 3?
2
Suppose 39 = 3*y - 5*a + 4, -2*y = 5*a + 10. Suppose k + 34 = 2*x, x + y*k - 35 + 7 = 0. Calculate the remainder when x is divided by 5.
3
What is the remainder when 66 is divided by (-6)/15 + 254/10?
16
Suppose -2*c = 2*o - 48, -2*c - c - 40 = -o. Calculate the remainder when o is divided by 6.
4
Let n be 4/(-10) - (-620)/50. Calculate the remainder when 25 is divided by 165/n + 4/16.
11
Suppose b + 0*b + 2 = 0. Calculate the remainder when ((-2)/(-4))/(b/(-124)) is divided by 16.
15
Let o(q) = -q**3 + 35. What is the remainder when o(0) is divided by 18?
17
Suppose -15 = -0*l - l. What is the remainder when 57 is divided by l?
12
Suppose 0*c - 4*l = c + 2, 5*c = -3*l - 27. Let r = 13 + c. Let h(g) = -g + 11. Calculate the remainder when 14 is divided by h(r).
2
Suppose -14*p + 19 = -13*p. What is the remainder when p is divided by (-2 - -3)/(2/20)?
9
Let n be (-5)/(-6) + 7/42. Suppose 2*f = 4*f - l - 17, -l = -n. Calculate the remainder when 17 is divided by f.
8
Suppose 5*a + 3*j + j - 390 = 0, -4*j + 62 = a. What is the remainder when a is divided by 21?
19
Suppose 0*t - 2*t + 5*i = -11, -t + 5 = -2*i. Suppose 0 = -t*o + 24 - 3. What is the remainder when (-49)/(-4) - (-1)/(-4) is divided by o?
5
Let t(u) = 7*u + 4. Calculate the remainder when 47 is divided by t(3).
22
Let y be ((-6)/(-4))/(18/60). Suppose -2*d + 3*r - 3 = 0, -y*d - 2*r = -6*r + 4. Suppose 3*u + d*u - 18 = 0. What is the remainder when 16 is divided by u?
4
Let i(v) = 8*v - 10. Suppose -2*b + 1 = -9. Calculate the remainder when i(b) is divided by 11.
8
Calculate the remainder when -3 - (-36 + 4 - -2) is divided by 14.
13
Let v(k) = k**3 + 9*k**2 + 8*k - 3. Let c be v(-8). Calculate the remainder when 34 is divided by c/((-36)/(-14) + -3).
6
Let w = 6 + -4. Suppose 0 = -w*r + 6 - 30. Calculate the remainder when (r/(-8))/(6/16) is divided by 2.
0
Let d be 2 - (2 + -2 - 2). Suppose -2*v + 36 = -d*h, 4*h - 108 - 38 = -5*v. What is the remainder when v is divided by 7?
5
Suppose 5*q + 5*k = 90, 2*q - 2*k - 26 = k. What is the remainder when q is divided by 86/10 + 4/10?
7
Suppose 4*s = 3*i - 17, -4*i + 0*s + 27 = -s. Suppose 7*y - 2*y - 65 = 0. Suppose 2*z = z + y. What is the remainder when z is divided by i?
6
Suppose -4*i + 15 = i. Suppose 5*f - 27 = 3*a, -f = 2*f + i*a - 21. Suppose 3*c = 3 + f. Calculate the remainder when 7 is divided by c.
1
Calculate the remainder when 9 is divided by ((-4)/(-18)*-21)/((-2)/3).
2
Let o = 192 + -62. Calculate the remainder when o is divided by 33.
31
Suppose -2*l + t = l - 9, -l - 13 = 5*t. Suppose -l*w - p = -39, -w + 3*p = 4*p - 19. Suppose 0 = 2*z - 7*z + 35. What is the remainder when w is divided by z?
6
Suppose -5*a + 4*i - 2*i = -315, -3*a + 3*i + 189 = 0. Calculate the remainder when a is divided by 8.
7
Let p = 5 - 3. Suppose 0 = p*x + x - 15. Suppose -x = z + 4*w, -w = 5*z + w - 11. What is the remainder when 7 is divided by z?
1
Let a(u) = u**3 + 9*u**2 + 5*u - 10. What is the remainder when a(-8) is divided by 5?
4
Suppose b + 1 = -2. Let g(n) = n**3 + 8*n**2 + 4*n + 4. Let u = -21 + 34. Calculate the remainder when g(b) is divided by u.
11
Let l(u) = u - 2. Calculate the remainder when l(6) is divided by 2/(-3*(-1)/6).
0
Suppose -4*s + 2*i = -36, -5*s + 2*s + i = -25. Suppose s*y + 52 = 11*y. Suppose 98 = -t + 3*t. Calculate the remainder when t is divided by y.
10
Suppose -3*s = 5*p - 10, 5*s - s + 15 = -p. Suppose 0*j - p*a - 31 = -j, -5*a = -2*j + 62. What is the remainder when j is divided by 8?
7
Let c(t) = -t**3 + 3*t**2 - t. Let m be c(3). Let r = m - -8. Calculate the remainder when 9 is divided by r.
4
Let i(m) = -2*m**3 - 6*m**2 + 6*m + 5. Let u be i(-6). What is the remainder when 19 is divided by (-4)/10 + u/25?
5
Let h(b) = b**3 + 6*b**2 + 7. Let a be h(-6). Let j = 11 - a. Let w = j - 3. Calculate the remainder when 1 is divided by w.
0
Let w(t) = -t**3 + 8*t**2 + 3*t - 23. What is the remainder when w(7) is divided by 19?
9
Suppose -4*p = c - 32, p - 4*p = -2*c + 20. Calculate the remainder when c is divided by 4.
0
Let h = 27 - 4. Suppose -7*a - 2*m = -3*a - 256, -3*m = -3*a + 210. What is the remainder when a is divided by h?
20
Suppose 4*n = 2*n + 16. What is the remainder when (0 - -1)/(30/390) is divided by n?
5
Suppose -f = 2*n - 6*f - 4, 4*f - 8 = 0. Calculate the remainder when 19 is divided by n.
5
Suppose -85 = -5*n - g, -4*n + 9*n - 5*g = 85. Let u be (-4)/6 + 334/6. Let h = u + -5. Calculate the remainder when h is divided by n.
16
Suppose 14 + 38 = -4*d + 4*c, -4*d + 3*c = 51. Let v = d + 31. What is the remainder when v is divided by 10?
9
Calculate the remainder when (-23 - -15)*19/(-2) is divided by 20.
16
Suppose 0 = -2*a + 15*a - 312. What is the remainder when 46 is divided by a?
22
Let h(b) = -b**3 + 6*b**2 - 6*b + 7. Let p be h(5). Suppose -p*q = -22 - 34. Let c(z) = -2*z**3 - z**2 + z. Calculate the remainder when q is divided by c(-2).
8
Suppose -3 = -u + 2. Suppose 5 = u*a - 